{"id":433,"date":"2019-10-02T22:28:29","date_gmt":"2019-10-02T20:28:29","guid":{"rendered":"http:\/\/championnats-occitanie.ovh\/?page_id=433"},"modified":"2023-06-03T11:16:23","modified_gmt":"2023-06-03T09:16:23","slug":"crc-2019","status":"publish","type":"page","link":"https:\/\/championnats-occitanie.ovh\/","title":{"rendered":"CRC 2023"},"content":{"rendered":"<p>Le CRC 2023 va d\u00e9buter le 8 juin prochain par le championnat des clubs v\u00e9t\u00e9rans.<\/p>\n<p>Le calendrier \u00e9tablit pour ce championnat est le suivant :<\/p>\n<p>J1 : 8 Juin<br \/>\nJ2 : 22 juin<br \/>\nJ3 : 7 Septembre<br \/>\nJ4 : 21 Septembre<\/p>\n<p>Finale : 4 et 5 Octobre \u00e0 L\u00e9cussan<\/p>\n<p>La F\u00e9d\u00e9ration a souhait\u00e9 qu&rsquo;il soit mis en place des listes de joueurs pour chacune des \u00e9quipes engag\u00e9es afin d\u2019\u00e9viter des changements de joueurs qui pourraient fausser le classement.<\/p>\n<p>Afin de faciliter ce contr\u00f4le par les d\u00e9l\u00e9gu\u00e9s de la r\u00e9gion, mais aussi par les adversaires, vous trouverez les listes de joueurs en s\u00e9lectionnant la division et la poule souhait\u00e9e dans le menu de gauche du site https:\/\/championnats-occitanie.ovh\/.<\/p>\n<p>Groupes A : Alain Pinaud (CD 31)<br \/>\nGroupes B : Bruno Picazo (CD 09)<br \/>\nGroupes C : Christian Gramont (CD 46)<br \/>\nGroupes D : Jean-Paul Rigaud (CD 34)<\/p>\n<p><b>De plus, les personnes valid\u00e9es par le CRO devront mettre \u00e0 jour, journ\u00e9e apr\u00e8s journ\u00e9e de CDC V\u00e9t\u00e9rans, les listes des \u00e9quipes de CDC des clubs ayant une \u00e9quipe en CRC.<\/b><\/p>\n","protected":false},"excerpt":{"rendered":"<p>Le CRC 2023 va d\u00e9buter le 8 juin prochain par le championnat des clubs v\u00e9t\u00e9rans. Le calendrier \u00e9tablit pour ce championnat est le suivant : J1 : 8 Juin J2 : 22 juin J3 : 7 Septembre J4 : 21 Septembre Finale : 4 et 5 Octobre \u00e0 L\u00e9cussan La F\u00e9d\u00e9ration a souhait\u00e9 qu&rsquo;il soit [&hellip;]<\/p>\n","protected":false},"author":1,"featured_media":0,"parent":0,"menu_order":0,"comment_status":"closed","ping_status":"closed","template":"","meta":{"_mc_calendar":[],"footnotes":""},"class_list":["bg-stuff"],"_links":{"self":[{"href":"https:\/\/championnats-occitanie.ovh\/index.php?rest_route=\/wp\/v2\/pages\/433","targetHints":{"allow":["GET"]}}],"collection":[{"href":"https:\/\/championnats-occitanie.ovh\/index.php?rest_route=\/wp\/v2\/pages"}],"about":[{"href":"https:\/\/championnats-occitanie.ovh\/index.php?rest_route=\/wp\/v2\/types\/page"}],"author":[{"embeddable":true,"href":"https:\/\/championnats-occitanie.ovh\/index.php?rest_route=\/wp\/v2\/users\/1"}],"replies":[{"embeddable":true,"href":"https:\/\/championnats-occitanie.ovh\/index.php?rest_route=%2Fwp%2Fv2%2Fcomments&post=433"}],"version-history":[{"count":7,"href":"https:\/\/championnats-occitanie.ovh\/index.php?rest_route=\/wp\/v2\/pages\/433\/revisions"}],"predecessor-version":[{"id":664,"href":"https:\/\/championnats-occitanie.ovh\/index.php?rest_route=\/wp\/v2\/pages\/433\/revisions\/664"}],"wp:attachment":[{"href":"https:\/\/championnats-occitanie.ovh\/index.php?rest_route=%2Fwp%2Fv2%2Fmedia&parent=433"}],"curies":[{"name":"wp","href":"https:\/\/api.w.org\/{rel}","templated":true}]}}