{"id":467,"date":"2021-05-10T16:02:28","date_gmt":"2021-05-10T14:02:28","guid":{"rendered":"http:\/\/championnats-occitanie.ovh\/?page_id=467"},"modified":"2025-05-17T21:29:37","modified_gmt":"2025-05-17T19:29:37","slug":"crc-v-poule-d","status":"publish","type":"page","link":"https:\/\/championnats-occitanie.ovh\/?page_id=467","title":{"rendered":"CRC V Poule D"},"content":{"rendered":"<table width=\"301\">\n<tbody>\n<tr>\n<td colspan=\"5\" width=\"301\"><a href=\"https:\/\/docs.google.com\/spreadsheets\/d\/1tHM67f5uEboSE4AH7Vnb4THAuABzXFNp\/edit?usp=sharing&amp;ouid=105079772104213170733&amp;rtpof=true&amp;sd=true\" target=\"_blank\" rel=\"noopener\">Tr\u00e8bes (11)<\/a><\/td>\n<\/tr>\n<tr>\n<td colspan=\"5\"><a href=\"https:\/\/docs.google.com\/spreadsheets\/d\/1RtL_ZQXj1guyuTeoyWuW7I-Zkz9AuBa-\/edit?usp=sharing&amp;ouid=105079772104213170733&amp;rtpof=true&amp;sd=true\" target=\"_blank\" rel=\"noopener\">Gruissan (11)<\/a><\/td>\n<\/tr>\n<tr>\n<td colspan=\"5\"><a href=\"https:\/\/docs.google.com\/spreadsheets\/d\/1NJuXbk9n-gRi-noTSX2ppepKXu4GEd96\/edit?usp=sharing&amp;ouid=105079772104213170733&amp;rtpof=true&amp;sd=true\" target=\"_blank\" rel=\"noopener\">Boule du Cap (34)<\/a><\/td>\n<\/tr>\n<tr>\n<td colspan=\"5\"><a href=\"https:\/\/docs.google.com\/spreadsheets\/d\/1INw7UbgUZb5zsXiAWOOdN4RnEPUEYPur\/edit?usp=sharing&amp;ouid=105079772104213170733&amp;rtpof=true&amp;sd=true\" target=\"_blank\" rel=\"noopener\">Meze (34)<\/a><\/td>\n<\/tr>\n<tr>\n<td colspan=\"5\"><a href=\"https:\/\/docs.google.com\/spreadsheets\/d\/1m3IfHqPuYrTq0sX1Uw-E0EKL1cMYa7QT\/edit?usp=sharing&amp;ouid=105079772104213170733&amp;rtpof=true&amp;sd=true\" target=\"_blank\" rel=\"noopener\">Ceret Maureillas (66)<\/a><\/td>\n<\/tr>\n<tr>\n<td colspan=\"5\"><a href=\"https:\/\/docs.google.com\/spreadsheets\/d\/1lEhrIMk1vHtRKTOpxDXWnWjIHiyTChJB\/edit?usp=sharing&amp;ouid=105079772104213170733&amp;rtpof=true&amp;sd=true\" target=\"_blank\" rel=\"noopener\">Pilou du Canet (66)<\/a><\/td>\n<\/tr>\n<tr>\n<td colspan=\"5\"><a href=\"https:\/\/docs.google.com\/spreadsheets\/d\/1WEY1yNHNbm2g1sq8SxnVaNyJyo2HJKMq\/edit?usp=sharing&amp;ouid=105079772104213170733&amp;rtpof=true&amp;sd=true\" target=\"_blank\" rel=\"noopener\">St Martin Perpignan (66)<\/a><\/td>\n<\/tr>\n<tr>\n<td colspan=\"5\"><a href=\"https:\/\/docs.google.com\/spreadsheets\/d\/1x415gPztIQLnCqhpeEMbmOFYXlJmcEUv\/edit?usp=sharing&amp;ouid=105079772104213170733&amp;rtpof=true&amp;sd=true\" target=\"_blank\" rel=\"noopener\">Trouillas (66)<\/a><\/td>\n<\/tr>\n<\/tbody>\n<\/table>\n<p>Nota bene :\u00a0 Si un club poss\u00e8de plusieurs \u00e9quipes \u00e9voluant dans la m\u00eame division, les joueurs ne peuvent pas changer d&rsquo;\u00e9quipes 2 joueurs maximum pourront changer d\u2019\u00e9quipe mais uniquement pour une division<br \/>\nsup\u00e9rieure et ils ne pourront plus en changer par la suite. De m\u00eame une \u00e9quipe ne pourra pas comporter<br \/>\nplus de 2 joueurs venant d\u2019une division inf\u00e9rieure.<\/p>\n","protected":false},"excerpt":{"rendered":"<p>Tr\u00e8bes (11) Gruissan (11) Boule du Cap (34) Meze (34) Ceret Maureillas (66) Pilou du Canet (66) St Martin Perpignan (66) Trouillas (66) Nota bene :\u00a0 Si un club poss\u00e8de plusieurs \u00e9quipes \u00e9voluant dans la m\u00eame division, les joueurs ne peuvent pas changer d&rsquo;\u00e9quipes 2 joueurs maximum pourront changer d\u2019\u00e9quipe mais uniquement pour une division [&hellip;]<\/p>\n","protected":false},"author":1,"featured_media":0,"parent":0,"menu_order":0,"comment_status":"closed","ping_status":"closed","template":"","meta":{"_mc_calendar":[],"footnotes":""},"class_list":["bg-stuff"],"_links":{"self":[{"href":"https:\/\/championnats-occitanie.ovh\/index.php?rest_route=\/wp\/v2\/pages\/467","targetHints":{"allow":["GET"]}}],"collection":[{"href":"https:\/\/championnats-occitanie.ovh\/index.php?rest_route=\/wp\/v2\/pages"}],"about":[{"href":"https:\/\/championnats-occitanie.ovh\/index.php?rest_route=\/wp\/v2\/types\/page"}],"author":[{"embeddable":true,"href":"https:\/\/championnats-occitanie.ovh\/index.php?rest_route=\/wp\/v2\/users\/1"}],"replies":[{"embeddable":true,"href":"https:\/\/championnats-occitanie.ovh\/index.php?rest_route=%2Fwp%2Fv2%2Fcomments&post=467"}],"version-history":[{"count":21,"href":"https:\/\/championnats-occitanie.ovh\/index.php?rest_route=\/wp\/v2\/pages\/467\/revisions"}],"predecessor-version":[{"id":898,"href":"https:\/\/championnats-occitanie.ovh\/index.php?rest_route=\/wp\/v2\/pages\/467\/revisions\/898"}],"wp:attachment":[{"href":"https:\/\/championnats-occitanie.ovh\/index.php?rest_route=%2Fwp%2Fv2%2Fmedia&parent=467"}],"curies":[{"name":"wp","href":"https:\/\/api.w.org\/{rel}","templated":true}]}}